 What is the remainder when n is divided by 9?
7
Let r(w) = -13*w - 19. Let b be r(-15). Let i = 223 - b. Calculate the remainder when i is divided by 25.
22
Suppose -27 = n + 4*y, 5*y = -0*n + 3*n + 149. Let u be 30/(-60) - 294/4. Let h = n - u. Calculate the remainder when h is divided by 20.
11
Suppose 36*v = -82 + 442. Calculate the remainder when 6049 is divided by v.
9
Let b(f) = -32*f - 566. What is the remainder when b(-25) is divided by 77?
3
Let d be (2/(-18))/(14/(-8106))*6. Let q = -369 + d. What is the remainder when 507 is divided by q?
14
Suppose -5*c + 5*l = -320, -c - 30*l + 34*l + 82 = 0. Calculate the remainder when 561 is divided by c.
39
Let u = 71 - 232. Let c = 227 + u. Suppose -132 = -9*j + c. Calculate the remainder when 42 is divided by j.
20
Let t = -52 + 76. Let r(o) = -2*o**3 + 93*o**2 - 585*o + 46. Calculate the remainder when r(39) is divided by t.
22
Let f = -28 + 53. Suppose -4*l + 4*q = -1072, 2*l = 3*q - 180 + 713. What is the remainder when l is divided by f?
21
Suppose 4*k - 103 = -3*a - 7, 4*k - 4*a = 96. Calculate the remainder when 10 is divided by -2*(6/9 + k/(-9)).
2
What is the remainder when 471 is divided by (1 - 54/12)*(-46)/7?
11
Let w(g) = 26*g**2 - g - 12. Let d(k) = -k**3 + 18*k**2 - 15*k - 36. Let f be d(17). What is the remainder when w(f) is divided by 32?
30
Let j(n) = 5*n**2 + 6*n - 25. Let s(r) = 4*r**2 + 5*r - 24. Let d(k) = -2*j(k) + 3*s(k). What is the remainder when 329 is divided by d(-7)?
54
Let a = -212 - -1862. Suppose 0 = -490*q + 487*q + a. Calculate the remainder when q is divided by 29.
28
Suppose 25*s - 5*c + 780 = 30*s, -463 = -3*s + 2*c. Calculate the remainder when s is divided by 19.
3
What is the remainder when -10 - ((-86)/6)/((-10)/(-30)) is divided by 7?
5
Let m = -3416 - -3466. What is the remainder when m is divided by 32?
18
Let d(t) = -2*t**2 + 72*t + 14. Let s = 48 + 57. What is the remainder when 3/(-3)*1 - s/(-3) is divided by d(36)?
6
Let k = -561 - -611. Suppose 36*f = k*f - 644. Calculate the remainder when 179 is divided by f.
41
Let k(c) = c**3 + 14*c**2 - 4*c + 24. Let d be (-532)/95*5/2. Suppose 8*g = 4*g + 84. Calculate the remainder when k(d) is divided by g.
17
Let o be (1/2)/(6/(-12)). Calculate the remainder when (-3)/(-9) - ((-276)/9 - o) is divided by 11.
8
Suppose -5*c + 18 = -2*c. Suppose -y + 7*y - c = 0. What is the remainder when 28 is divided by ((-19)/(-2) - y) + (-5)/10?
4
Let f = -60 + 236. Let y be (-1)/(-4) - f/(-64). Suppose 2*t + y*s - s = 278, -2*t = -2*s - 258. Calculate the remainder when t is divided by 27.
26
Suppose -2*z = 4*c - 484, -5*c - 4*z + 600 = z. Calculate the remainder when c is divided by -10*((-48)/36)/((-24)/(-9)).
2
Let a = 44 - 20. Suppose 30 = -i - 5*j + 22, -4*i = j - 25. What is the remainder when a is divided by i?
3
Let y = 24 - 5. Suppose 2492*x = 2490*x + 1314. What is the remainder when x/9 - (4 + -1) is divided by y?
13
Let z = 99 + -81. Let i be (-40)/18 + 2 + (-338)/z. Let x = 125 + i. What is the remainder when x is divided by 27?
25
Let u be (-22)/4 - (-5)/(-20)*-2. Calculate the remainder when 85 is divided by -6*((-645)/225 + (-1)/u).
5
Let u(v) = 3*v**2 + 111*v - 1423. What is the remainder when u(17) is divided by 188?
15
Let i = 605 - 363. Suppose 5*r + 170 = 2*n, 0 = -4*n + n + r + i. Let w(q) = -q + 23. What is the remainder when n is divided by w(14)?
8
Let l(h) = 2*h**3 + 26*h**2 - 13*h - 40. Suppose -5*s - 8 = -s. Calculate the remainder when l(-13) is divided by s/(-11) - (-1420)/55.
25
Let o be (-4)/6 + (-5)/((-15)/14). Suppose -10 = 2*w, 3*y = w + o*w + 70. Calculate the remainder when 29 is divided by y.
14
Let z(o) = -o**2 - 20*o + 53. Let j = -20 + -2. Calculate the remainder when 35 is divided by z(j).
8
Suppose h = 94 - 79. Suppose -11*d - h = -16*d. Suppose 2*u = d*u - 33. Calculate the remainder when u is divided by 5.
3
Let a = -13222 + 14092. What is the remainder when a is divided by 144?
6
Suppose 2*u + u - 3*z = 210, 3*z = u - 68. Let d = -484 - -636. Let r = 157 - d. What is the remainder when u is divided by r?
1
Suppose -17*d + 4242 = -15*d - 3*x, 4*d + 4*x - 8444 = 0. What is the remainder when d is divided by 96?
3
Let t be (-4)/(-14) + (-60)/14. What is the remainder when (7 - 1)*1008/378 is divided by t/22 + 861/77?
5
What is the remainder when ((-7904)/(-40))/((-11)/(-110)) is divided by 43?
41
Let u(x) = -8*x**3 + 2*x**2 + 21*x + 61. Calculate the remainder when u(-3) is divided by 32.
8
Let p(y) = y**3 + 10*y**2 + 25*y + 12. What is the remainder when 7*(-6 + -4 + 15) is divided by p(-4)?
3
Let j(s) = -17*s - 1 - 9 + 15*s. Let g be j(-5). Suppose 3*v - r = -g*v + 172, v + 5*r - 52 = 0. Calculate the remainder when v is divided by 29.
28
Let w be (65/(-10))/((-4)/16*2). Suppose -y - w = -3*y + u, 3*y - 25 = -4*u. What is the remainder when ((-2)/6)/(1/(-123)) is divided by y?
6
Let x be 43526/56 - (-3)/4. Let o = -718 + x. What is the remainder when 539 is divided by o?
59
Let g(p) = 8*p + 6. Let l be g(-2). Let h = -10 - l. Suppose h = -47*z + 42*z + 110. Calculate the remainder when 64 is divided by z.
20
Let b = 429 - 272. Suppose 5*q + 3*t = 202, -3*q + b = -t + 47. Calculate the remainder when 113 is divided by q.
37
Suppose -2*t - 215 = -s, -100 = 2*t - t - 3*s. Let a be (-5 + t)/(-3) - 2. Let y = a + -9. Calculate the remainder when 107 is divided by y.
26
Suppose c = 5*l + 8 - 2, -6 = l + c. Let a = l + 37. What is the remainder when a is divided by (388 + -8)/(-4)*((-666)/(-45) - 15)?
16
Let m(c) = 87*c**2 - 150*c + 626. Calculate the remainder when m(4) is divided by 33.
32
Suppose 3*c - 4*d - 35615 = 0, 4*c = 23*d - 26*d + 47520. What is the remainder when c is divided by 15?
12
Suppose -55*d = 222*d + 33*d - 8060. Calculate the remainder when 11023 is divided by d.
25
Suppose 5*v + 4*s = 128, -5*v + 189 - 67 = s. What is the remainder when 468 is divided by v?
12
Let k(z) = -87*z**3 + z**2 + z + 1. Let y = 532 + -533. Calculate the remainder when k(y) is divided by 47.
41
Let p be (42/(-63))/(0 + 6/27). Let n(a) = 3*a**2 + 3*a - 1. Calculate the remainder when 49 is divided by n(p).
15
Let b = 84 - -159. Let y = b - 139. Let o = -20 - -32. What is the remainder when y is divided by o?
8
What is the remainder when 658 is divided by (0 - 1)/(6408/(-3192) + 2)?
126
Suppose 3580*g = 3705*g - 10500. Suppose 2*b = -u - 0*b + 48, 5*b = -2*u + 100. Calculate the remainder when g is divided by u.
4
Let y = 10 + -44. Let a = -2 + y. Let r = a + 77. What is the remainder when r is divided by 14?
13
Suppose 18*s - 21*s = -3825. Calculate the remainder when s is divided by 21.
15
Let c(n) = -n**3 + 11*n**2 - 10*n + 18. Let f be c(10). Let m be (-4)/f + 29/9 + -3. Suppose 0 = i - m - 5. What is the remainder when 13 is divided by i?
3
Calculate the remainder when 2242 is divided by (((-88515)/(-28))/(-9))/(165/(-132)).
275
Let o = 162 + -29. Suppose -121*z = -o*z + 60. Calculate the remainder when 119 is divided by z.
4
What is the remainder when 3*13/((-429)/22)*389/(-2) is divided by 59?
35
Let a be 3 + (-5)/20*4. Suppose a*f - 5*f + 3*s + 135 = 0, -5*f - 5*s + 195 = 0. What is the remainder when 121 is divided by f?
37
Suppose 0*d - 3*c - 457 = -5*d, d + 4*c = 73. Calculate the remainder when 204 is divided by d.
26
Let p = -905 - -849. Suppose -5*a + 103 = -4*a. Let i = p + a. Calculate the remainder when i is divided by 25.
22
Let k = 21 + 4. Let r = 42714 + -42699. Calculate the remainder when k is divided by r.
10
Let u(s) = -418*s - 239. Calculate the remainder when u(-1) is divided by 96.
83
Let o = 4277 - 4188. Calculate the remainder when 269 is divided by o.
2
Suppose 0 = -s - 4*n + 450, -3*n + 197 = -s + 619. Suppose -6*p - 110 = -s. Let t = -34 - -53. Calculate the remainder when p is divided by t.
16
Let a(u) = 15*u - 6. Let l(q) = -737*q + 297. Let o(p) = -99*a(p) - 2*l(p). Suppose 18 - 21 = 3*v. What is the remainder when 50 is divided by o(v)?
6
Let c(f) = 2*f**2 - 6*f**3 + 1375 + 29*f + 5*f**3 - 1367. What is the remainder when 169 is divided by c(-5)?
17
Let d(a) = -6*a**2 + 22*a + 13. Suppose t - 76 = -12. Calculate the remainder when t is divided by d(0).
12
Let s(t) = 5*t**3 - 16*t**2 - 25*t + 91. What is the remainder when 654 is divided by 